t of 112589?
9
What is the thousands digit of 1263?
1
What is the units digit of 1784?
4
What is the units digit of 4020?
0
What is the hundreds digit of 6145?
1
What is the thousands digit of 78467?
8
What is the tens digit of 3101?
0
What is the hundreds digit of 1191?
1
What is the hundred thousands digit of 168720?
1
What is the units digit of 7703?
3
What is the tens digit of 704?
0
What is the units digit of 143551?
1
What is the units digit of 1422?
2
What is the hundreds digit of 555?
5
What is the units digit of 58633?
3
What is the hundreds digit of 1192?
1
What is the hundreds digit of 380?
3
What is the units digit of 1288?
8
What is the units digit of 4251?
1
What is the tens digit of 17454?
5
What is the units digit of 64773?
3
What is the hundreds digit of 152154?
1
What is the tens digit of 5307?
0
What is the hundreds digit of 3045?
0
What is the units digit of 6111?
1
What is the tens digit of 1964?
6
What is the thousands digit of 1228?
1
What is the ten thousands digit of 12261?
1
What is the hundreds digit of 1746?
7
What is the hundreds digit of 1749?
7
What is the units digit of 184?
4
What is the hundreds digit of 5502?
5
What is the tens digit of 35539?
3
What is the thousands digit of 1440?
1
What is the thousands digit of 3582?
3
What is the ten thousands digit of 89078?
8
What is the hundreds digit of 15453?
4
What is the units digit of 6274?
4
What is the tens digit of 1099?
9
What is the tens digit of 4512?
1
What is the ten thousands digit of 100457?
0
What is the tens digit of 307?
0
What is the thousands digit of 65603?
5
What is the hundreds digit of 109?
1
What is the tens digit of 1037?
3
What is the hundreds digit of 267?
2
What is the hundreds digit of 42445?
4
What is the tens digit of 345?
4
What is the ten thousands digit of 63477?
6
What is the tens digit of 2276?
7
What is the hundreds digit of 9096?
0
What is the hundreds digit of 889?
8
What is the hundreds digit of 863?
8
What is the hundreds digit of 7714?
7
What is the hundreds digit of 3867?
8
What is the hundreds digit of 10317?
3
What is the hundreds digit of 14848?
8
What is the ten thousands digit of 78235?
7
What is the tens digit of 103526?
2
What is the hundreds digit of 110?
1
What is the thousands digit of 1912?
1
What is the thousands digit of 22853?
2
What is the tens digit of 49704?
0
What is the units digit of 49501?
1
What is the hundreds digit of 3289?
2
What is the tens digit of 832?
3
What is the hundreds digit of 718?
7
What is the units digit of 2836?
6
What is the hundreds digit of 89415?
4
What is the units digit of 2079?
9
What is the ten thousands digit of 17154?
1
What is the tens digit of 13875?
7
What is the ten thousands digit of 78305?
7
What is the thousands digit of 1764?
1
What is the hundreds digit of 5302?
3
What is the thousands digit of 1044?
1
What is the thousands digit of 25777?
5
What is the tens digit of 5854?
5
What is the units digit of 4850?
0
What is the hundreds digit of 681?
6
What is the hundreds digit of 13374?
3
What is the tens digit of 23106?
0
What is the tens digit of 2698?
9
What is the ten thousands digit of 35460?
3
What is the units digit of 5062?
2
What is the thousands digit of 8069?
8
What is the hundreds digit of 398?
3
What is the units digit of 34545?
5
What is the tens digit of 2634?
3
What is the units digit of 1533?
3
What is the ten thousands digit of 38299?
3
What is the units digit of 2765?
5
What is the tens digit of 29442?
4
What is the units digit of 467?
7
What is the hundreds digit of 1033?
0
What is the ten thousands digit of 67858?
6
What is the hundred thousands digit of 145272?
1
What is the hundreds digit of 12495?
4
What is the hundreds digit of 6283?
2
What is the tens digit of 93439?
3
What is the hundreds digit of 16855?
8
What is the hundreds digit of 4007?
0
What is the hundreds digit of 6129?
1
What is the hundreds digit of 2728?
7
What is the thousands digit of 48798?
8
What is the units digit of 1320?
0
What is the units digit of 1611?
1
What is the units digit of 1034?
4
What is the thousands digit of 6846?
6
What is the tens digit of 5340?
4
What is the tens digit of 1391?
9
What is the thousands digit of 6593?
6
What is the tens digit of 7824?
2
What is the hundreds digit of 91469?
4
What is the units digit of 6820?
0
What is the tens digit of 813?
1
What is the thousands digit of 4269?
4
What is the thousands digit of 40584?
0
What is the hundreds digit of 2994?
9
What is the units digit of 73?
3
What is the tens digit of 4117?
1
What is the units digit of 7969?
9
What is the thousands digit of 16341?
6
What is the thousands digit of 92366?
2
What is the tens digit of 4554?
5
What is the thousands digit of 46428?
6
What is the thousands digit of 7516?
7
What is the thousands digit of 39199?
9
What is the units digit of 32948?
8
What is the hundreds digit of 104252?
2
What is the tens digit of 9745?
4
What is the tens digit of 15108?
0
What is the tens digit of 6069?
6
What is the hundreds digit of 9764?
7
What is the tens digit of 978?
7
What is the hundreds digit of 79084?
0
What is the hundreds digit of 590?
5
What is the hundreds digit of 7595?
5
What is the ten thousands digit of 43736?
4
What is the units digit of 8708?
8
What is the thousands digit of 3674?
3
What is the units digit of 1651?
1
What is the tens digit of 58729?
2
What is the tens digit of 3437?
3
What is the tens digit of 3066?
6
What is the thousands digit of 1637?
1
What is the units digit of 8520?
0
What is the units digit of 52684?
4
What is the units digit of 383?
3
What is the hundreds digit of 1849?
8
What is the hundreds digit of 4756?
7
What is the hundreds digit of 75799?
7
What is the tens digit of 13215?
1
What is the thousands digit of 3505?
3
What is the units digit of 19831?
1
What is the hundreds digit of 3771?
7
What is the hundreds digit of 951?
9
What is the hundreds digit of 9211?
2
What is the hundreds digit of 412?
4
What is the units digit of 14388?
8
What is the hundreds digit of 1814?
8
What is the tens digit of 1317?
1
What is the thousands digit of 2415?
2
What is the tens digit of 560?
6
What is the units digit of 31173?
3
What is the thousands digit of 10997?
0
What is the units digit of 967?
7
What is the ten thousands digit of 17620?
1
What is the tens digit of 954?
5
What is the units digit of 1638?
8
What is the units digit of 715?
5
What is the tens digit of 1680?
8
What is the units digit of 15814?
4
What is the hundreds digit of 509?
5
What is the hundreds digit of 7198?
1
What is the tens digit of 1508?
0
What is the units digit of 46592?
2
What is the ten thousands digit of 11092?
1
What is the hundreds digit of 538?
5
What is the units digit of 420?
0
What is the units digit of 35756?
6
What is the tens digit of 909?
0
What is the thousands digit of 44178?
4
What is the ten thousands digit of 43403?
4
What is the hundreds digit of 126686?
6
What is the hundreds digit of 1841?
8
What is the thousands digit of 2475?
2
What is the tens digit of 643?
4
What is the units digit of 153?
3
What is the ten thousands digit of 50360?
5
What is the tens digit of 6785?
8
What is the tens digit of 965?
6
What is the thousands digit of 28433?
8
What is the hundreds digit of 11998?
9
What is the thousands digit of 22644?
2
What is the ten thousands digit of 25670?
2
What is the tens digit of 94318?
1
What is the hundreds digit of 2592?
5
What is the hundreds digit of 3655?
6
What is the thousands digit of 14233?
4
What is the tens digit of 65040?
4
What is the hundreds digit of 1452?
4
What is the hundreds digit of 4518?
5
What is the tens digit of 2955?
5
What is the thousands digit of 9816?
9
What is the hundreds digit of 3089?
0
What is the hundreds digit of 2508?
5
What is the thousands digit of 6427?
6
What is the units digit of 3176?
6
What is the units digit of 450?
0
What is the tens digit of 5789?
8
What is the tens digit of 25268?
6
What is the hundreds digit of 2780?
7
What is the hundreds digit of 3314?
3
What is the tens digit of 1449?
4
What is the hundreds digit of 14874?
8
What is the tens digit of 3275?
7
What is the units digit of 1950?
0
What is the tens digit of 939?
3
What is the hundreds digit of 413?
4
What is the hundreds digit of 33